r of 3205778?
False
Is 3565529 a multiple of 31?
False
Does 11 divide 999666?
False
Is 13 a factor of 2524431?
True
Is 21 a factor of 1139522?
False
Does 218 divide 156088?
True
Is 1462 a factor of 12612704?
False
Is 428895 a multiple of 135?
True
Is 150 a factor of 3304500?
True
Does 23 divide 1177974?
False
Is 114 a factor of 59964?
True
Is 2192 a multiple of 56?
False
Is 18 a factor of 29846?
False
Does 15 divide 155969?
False
Is 52276 a multiple of 7?
True
Is 4070452 a multiple of 9?
False
Is 131 a factor of 951584?
True
Is 25 a factor of 5581573?
False
Is 117 a factor of 8419121?
False
Is 220160 a multiple of 15?
False
Does 30 divide 443364?
False
Does 22 divide 330311?
False
Does 48 divide 118727?
False
Is 3342399 a multiple of 213?
False
Is 30 a factor of 35433?
False
Is 4576803 a multiple of 7?
True
Is 16 a factor of 366166?
False
Does 87 divide 583944?
True
Is 1359868 a multiple of 85?
False
Does 288 divide 249120?
True
Is 187977 a multiple of 184?
False
Is 330172 a multiple of 46?
False
Does 12 divide 7909434?
False
Is 13630870 a multiple of 55?
True
Is 19638167 a multiple of 14?
False
Does 68 divide 111520?
True
Is 1437663 a multiple of 3?
True
Is 10 a factor of 49998?
False
Is 98856 a multiple of 3?
True
Does 20 divide 18932?
False
Does 3 divide 3463619?
False
Is 1465422 even?
True
Is 3074176 a multiple of 7?
True
Does 32 divide 29185?
False
Does 35 divide 2624456?
False
Does 153 divide 74358?
True
Is 792 a factor of 2422335?
False
Does 107 divide 69764?
True
Does 430 divide 335830?
True
Is 130568 a multiple of 14?
False
Is 356391 a multiple of 7?
True
Does 25 divide 56475?
True
Is 2095538 a multiple of 31?
True
Does 120 divide 83082?
False
Is 287416 a multiple of 65?
False
Is 135 a factor of 3663225?
True
Does 9 divide 8688065?
False
Is 631023 a multiple of 51?
True
Is 22 a factor of 80120?
False
Does 52 divide 146947?
False
Is 8 a factor of 20528?
True
Is 826 a factor of 2901808?
False
Is 10 a factor of 61975?
False
Is 11189040 a multiple of 48?
True
Is 44 a factor of 9339?
False
Does 123 divide 2142094?
False
Does 131 divide 939779?
False
Is 8222184 a multiple of 8?
True
Does 232 divide 1112440?
True
Is 108 a factor of 102031?
False
Is 283784 a multiple of 8?
True
Is 27 a factor of 60088?
False
Is 2304509 a multiple of 79?
True
Is 98 a factor of 1975484?
True
Is 1127 a factor of 2057902?
True
Is 12456 a multiple of 14?
False
Does 18 divide 3918383?
False
Is 2567600 a multiple of 223?
False
Is 4 a factor of 3347219?
False
Is 187910 a multiple of 36?
False
Is 819624 a multiple of 8?
True
Does 98 divide 1790027?
False
Is 1131416 a multiple of 1118?
True
Does 28 divide 113933?
False
Is 11851904 a multiple of 226?
False
Does 16 divide 465760?
True
Is 16680343 a multiple of 1907?
False
Does 24 divide 444936?
True
Is 212945 a multiple of 440?
False
Does 120 divide 102007?
False
Is 100 a factor of 944948?
False
Is 1151932 a multiple of 4?
True
Does 1349 divide 5551135?
True
Is 73 a factor of 112039?
False
Does 16 divide 1246080?
True
Is 2504059 a multiple of 25?
False
Is 896 a factor of 1334511?
False
Does 8 divide 1515123?
False
Is 767096 a multiple of 23?
True
Is 24 a factor of 191184?
True
Is 3146601 a multiple of 447?
False
Does 161 divide 3387440?
True
Is 5218447 a multiple of 13?
True
Is 544 a factor of 1902368?
True
Does 191 divide 865421?
True
Is 253 a factor of 154077?
True
Does 112 divide 69075?
False
Is 9 a factor of 48899?
False
Is 679550 a multiple of 47?
False
Is 17 a factor of 82754?
False
Is 436160 a multiple of 464?
True
Is 181159 a multiple of 3?
False
Does 43 divide 21816?
False
Does 3 divide 1600668?
True
Does 697 divide 924335?
False
Is 146302 a multiple of 26?
True
Is 21 a factor of 21022?
False
Does 179 divide 8918138?
True
Is 72 a factor of 70776?
True
Is 189 a factor of 548100?
True
Does 88 divide 1189936?
True
Does 110 divide 4837730?
False
Does 377 divide 76531?
True
Is 313 a factor of 24414939?
True
Is 3 a factor of 2982?
True
Is 20 a factor of 691613?
False
Is 15 a factor of 259245?
True
Is 239616 a multiple of 39?
True
Does 188 divide 1408589?
False
Does 48 divide 13126?
False
Does 81 divide 69794?
False
Is 369266 a multiple of 4?
False
Is 31 a factor of 809472?
True
Does 40 divide 1283360?
True
Is 57 a factor of 3226314?
True
Is 6 a factor of 66366?
True
Is 8250043 a multiple of 688?
False
Does 42 divide 6185758?
False
Does 57 divide 60519?
False
Is 7 a factor of 1442?
True
Does 730 divide 2553540?
True
Does 197 divide 4883540?
False
Is 633360 a multiple of 290?
True
Is 5093767 a multiple of 233?
False
Is 7072786 a multiple of 557?
True
Is 1250547 a multiple of 148?
False
Is 43761 a multiple of 33?
False
Is 2132544 a multiple of 4?
True
Does 1045 divide 6397036?
False
Is 88317 a multiple of 38?
False
Is 80 a factor of 150080?
True
Is 41 a factor of 32554?
True
Is 893378 a multiple of 134?
True
Does 605 divide 187981?
False
Is 717933 a multiple of 49?
False
Is 5364609 a multiple of 28?
False
Does 22 divide 189209?
False
Is 174 a factor of 47985?
False
Is 84 a factor of 1353196?
False
Does 711 divide 8709798?
False
Does 110 divide 282150?
True
Does 69 divide 371089?
False
Is 332 a factor of 322630?
False
Is 109550 a multiple of 226?
False
Does 98 divide 3459841?
False
Is 242462 a multiple of 11?
True
Is 9 a factor of 2757779?
False
Is 21 a factor of 11991?
True
Is 70 a factor of 357420?
True
Is 70 a factor of 1306009?
False
Does 181 divide 347810?
False
Is 68 a factor of 4147166?
False
Is 398658 a multiple of 807?
True
Is 45 a factor of 3150410?
False
Is 122624 a multiple of 16?
True
Is 310 a factor of 4600337?
False
Is 342 a factor of 6053158?
False
Is 9708560 a multiple of 20?
True
Does 83 divide 79680?
True
Is 900 a factor of 3988800?
True
Is 42500 a multiple of 52?
False
Is 22 a factor of 20864492?
True
Is 2988480 a multiple of 480?
True
Does 723 divide 10059822?
True
Does 5 divide 136942?
False
Is 6 a factor of 2163159?
False
Does 87 divide 24572611?
False
Is 13367 a multiple of 72?
False
Is 673725 a multiple of 75?
True
Is 918406 a multiple of 9?
False
Is 12756 a multiple of 48?
False
Does 239 divide 7643698?
True
Is 401240 a multiple of 56?
True
Is 43 a factor of 54051?
True
Is 21228 a multiple of 122?
True
Does 16 divide 648534?
False
Does 50 divide 52771?
False
Is 6690840 a multiple of 130?
True
Does 4 divide 98865?
False
Is 216 a factor of 9704543?
False
Is 341 a factor of 2117951?
True
Is 76194 a multiple of 18?
True
Is 3083681 a multiple of 736?
False
Does 127 divide 81036?
False
Is 38556 a multiple of 54?
True
Is 974242 a multiple of 41?
True
Is 100 a factor of 772250?
False
Does 10 divide 16184?
False
Is 6985899 a multiple of 289?
False
Is 16720 a multiple of 176?
True
Does 21 divide 538188?
True
Is 54244 a multiple of 18?
False
Is 4 a factor of 107172?
True
Is 15 a factor of 81389?
False
Does 612 divide 4888487?
False
Is 165 a factor of 3868260?
True
Does 72 divide 507918?
False
Is 342 a factor of 168830?
False
Does 385 divide 63140?
True
Is 9 a factor of 400482?
True
Does 26 divide 3021464?
False
Is 8978079 a multiple of 363?
True
Does 299 divide 7157522?
False
Does 201 divide 269657?
False
Does 108 divide 1056447?
False
Does 138 divide 1177278?
True
Is 478338 a multiple of 6?
True
Is 137 a factor of 762131?
True
Is 10 a factor of 197560?
True
Is 540627 a multiple of 91?
False
Is 35 a factor of 30170?
True
Is 6 a factor of 364044?
True
Is 569880 a multiple of 180?
True
Is 787 a factor of 3103928?
True
Is 14 a factor of 971810?
True
Does 963 divide 268677?
True
Is 469980 a multiple of 12?
True
Is 9 a factor of 10038?
False
Does 60 divide 1179794?
False
Does 56 divide 243936?
True
Is 47 a factor of 166756?
True
Is 31422 a multiple of 4?
False
Does 18 divide 92970?
True
Is 482 a factor of 62178?
True
Is 177786 a multiple of 5?
False
Does 37 divide 4781241?
False
Does 18 divide 190584?
True
Does 368 divide 2664873?
False
Does 85 divide 110889?
False
Does 9 divide 2129612?
False
Is 94533 a multiple of 104?
False
Is 705339 a multiple of 25?
False
Is 10401575 a multiple of 255?
False
Is 1092404 a multiple of 17?
False
Is 776811 a multiple of 213?
True
Is 2 a factor of 32935?
False
Does 108 divide 256932?
True
Does 17 divide 9873702?
True
Does 16 divide 9405185?
False
Is 291 a factor of 760240?
